et g(f) = i*m(f) + 11*u(f). Give g(-3).
6
Suppose 17*i - 300 = -11. Let g(a) = -8*a + i*a - 5*a. Suppose -4*k + 2 = 5*w - k, -4*w - 4*k = 0. Determine g(w).
4
Suppose -5*o - 5 = 0, -o = 4*m + 3*o - 44. Let q(g) = g**3 - 11*g**2 - 14*g - 9. Determine q(m).
-33
Let z(i) = 3. Suppose 0*g - 3*g - 16 = -5*v, -g + 2*v - 7 = 0. Let d(u) = -u - 1. Let c(j) = g*d(j) + z(j). Calculate c(2).
-6
Suppose -14 = -2*z - 0*z. Suppose -2*n = -z*n - 10. Let w(c) = 2*c**2 + 156*c - c**2 - 152*c. Determine w(n).
-4
Let u(f) = 3*f - 9. Suppose -5*p + 4*h + 289 = 0, -5*h + 81 = -3*p + 4*p. Let i = -54 + p. Give u(i).
12
Let i(b) = -3 - 4 - 6 + 16 - 3*b - 3*b**2 - 4. Give i(-1).
-1
Let f(r) = r**2 + 5*r + 3. Let p be f(-4). Let n(c) be the third derivative of -c**5/60 - c**4/12 + 2*c**2 - 47. Calculate n(p).
1
Let r(n) = 6*n**3 + 10*n**2 - 4*n + 3. Let h(t) = -7*t**3 - 11*t**2 + 5*t - 3. Let j(v) = -5*h(v) - 6*r(v). Let p = -401 + 396. What is j(p)?
2
Let a(m) = 3*m**3 - 3*m**2 + m. Let z(r) = -16*r**3 + 17*r**2 - 5*r - 1. Let n(i) = -11*a(i) - 2*z(i). Let q = 8 + -6. Calculate n(q).
-12
Let v(n) = 23*n - 9. Let l(t) = -15*t + 6. Let d(i) = -8*l(i) - 5*v(i). Let y(c) = -5*c + 2. Let q(m) = 4*d(m) + 3*y(m). Give q(4).
14
Let j(v) = -v**2 - 7*v - 8. Suppose 3*r - 5 = 1. Suppose 3 = q + r. Let p(d) = d + 1. Let g(z) = q*j(z) - p(z). Give g(-6).
3
Let c(w) = 2*w - 3. Suppose -l + 9 = -n, n + n = l - 4. Let t be 24/20*35/l. Determine c(t).
3
Let c be 1/1 - (-1 - (-4 - -5)). Let h(a) = -a**3 + 3*a**2 - 4*a + 1. Let v be h(c). Let y(b) = -b**2 - 11*b - 1. Give y(v).
-1
Let u(w) be the third derivative of -w**6/180 + w**5/120 - w**4/24 + 19*w**3/6 - 4*w**2. Let x(n) be the first derivative of u(n). What is x(-2)?
-11
Let k(t) = 2*t**2 - t + 1. Let a(i) = -i**3 + 21*i**2 - 7*i + 8. Let v(n) = -a(n) + 6*k(n). Give v(9).
7
Let u(z) = z**3 + z - 4. Let r(b) = b**2 + 15*b + 4. Let m be r(-15). Suppose -a = -2 - 0. Suppose 5*o + 25 = -4*w, -a*o = -m*w - 0*o + 10. Calculate u(w).
-4
Let c(z) = -2*z + 5. Let t be c(0). Suppose -2*b = -3 - 1. Let x(q) = 9 - 4*q - 10 + 3*q**b - 2*q**2. Determine x(t).
4
Let w(j) be the first derivative of -j**3/3 + 5*j**2/2 - 5*j + 139. What is w(5)?
-5
Suppose 4*k + 30 - 42 = 0. Let s(r) = -4*r + 0 + 1 - k + 3. What is s(1)?
-3
Let y(g) be the second derivative of -g**4/12 - g**3/2 - 2*g**2 - 19*g + 2. What is y(-6)?
-22
Let o(w) = 5*w + 25 - 49 + 15 + 34 - 6*w. Give o(0).
25
Let l(y) be the third derivative of 0*y**3 + 0 + 7*y**2 + 1/8*y**4 + 0*y. What is l(-2)?
-6
Suppose 5*r = 72 - 112. Let f(w) = -w**2 - 9*w - 10. What is f(r)?
-2
Let x(m) = -2*m**3 - 2*m**2 + m - 2. Let p(t) = 9*t + 25. Let d be p(-3). Calculate x(d).
4
Let v(u) = u**3 - 8*u**2 + 7*u - 6. Let d(y) = 9*y + 330. Let j be d(-36). Give v(j).
-36
Let g(p) = -p**3 + p + 2. Let n = 26 - 5. Let d = -19 + n. Determine g(d).
-4
Let y(z) be the second derivative of z**4/12 + 11*z**3/6 - 11*z**2/2 + 10*z. Let t be y(-12). Let c(k) = -3*k**2 + k. Calculate c(t).
-2
Let t = -29 + 31. Let h(a) = -12 + t*a + 9 - 3*a + 0*a. What is h(-4)?
1
Let u(l) be the first derivative of l**3/3 - 3*l**2/2 - 6*l - 438. What is u(7)?
22
Let j(t) be the second derivative of -5*t**3/6 + t**2/2 - 16*t + 2. Let x = 8 + -9. Calculate j(x).
6
Let f(x) = 2*x - 2. Let q = -63 + 55. Let v(k) = -3*k - 20. Let h be v(q). What is f(h)?
6
Let z(v) = -15*v - 5. Let q(a) = -13*a - 4. Let f(j) = -6*q(j) + 5*z(j). Calculate f(-3).
-10
Let n(k) = k + 2. Suppose 2*z = z - 4*u - 11, 1 = -3*z - 4*u. Suppose 23 = 3*g + f, 4*g - 5*f + 6 - z = 0. Calculate n(g).
8
Let b(i) be the third derivative of i**6/120 + i**5/30 - i**4/12 + 2*i**3/3 + i**2 + 29. What is b(-3)?
1
Let g = -3 - 1. Let s(p) be the first derivative of p**3/3 - p**2 - 6*p - 1617. Determine s(g).
18
Let g be -3*1*(-48)/36. Suppose 0 = -3*f + 5 + g. Let s(a) = a**2 + a - 1. Let v(n) = 5*n + 3. Let x(p) = s(p) - v(p). What is x(f)?
-7
Let t be ((-6)/10)/((-3)/10). Let b(u) = 6*u - 2*u**t + u**2 + u**2 + 4 - u**3 - 4*u**2. Calculate b(-5).
-1
Let m(w) = 0 + 2 - 7 + w + 0. Let v = 157 - 149. Determine m(v).
3
Let n(x) = -x**2 + 10*x - 4. Suppose -4*c = 8*c. Suppose c = 2*h - 3*r + 5, h + 20 = 3*h + 2*r. Determine n(h).
21
Let v(f) = -9*f**2 - 2 + 8*f**2 - 2*f - 5*f**2 - f + 4*f**3 + 5*f**2. Give v(-1).
-4
Let d(v) = 137 - 72 + 2*v - 70. Determine d(-9).
-23
Suppose 0 = x - 24*x. Let d(h) = -3*h + 4. Let p(j) = 5*j - 6. Let i(v) = 8*d(v) + 5*p(v). Determine i(x).
2
Let k(c) = -6*c + 2. Let q be ((-225)/(-36) + -6)*4. Calculate k(q).
-4
Let i(y) be the first derivative of -9*y**3 - 3*y**2/2 - y - 430. Determine i(-1).
-25
Let m(q) = 3*q**2 + 4*q - 8. Let f = 1953 + -1959. Calculate m(f).
76
Let s(h) = -h**3 - 5*h**2 + 7*h - 4. Let p be (240/28)/(-6)*-28. Let u = 34 - p. Determine s(u).
-10
Let y(j) = 3*j**3 - j**2 - 4*j - 2. Let l(t) = -5*t**3 + 3*t**2 + 7*t + 4. Suppose -2*n = 4*a, 3*n - 4*a = -8 - 12. Let u(f) = n*l(f) - 7*y(f). Give u(-5).
-2
Let l be (8 - -1) + 0 + -2. Suppose -3*i - l + 19 = 0. Let d(u) = 2*u**2 - 2*u - 3. Let w(r) = r**2 - r - 1. Let q(v) = -3*d(v) + 5*w(v). Calculate q(i).
-8
Let r be 3/9 + 23/3. Let c = 10 - r. Let x(k) = 0*k**2 - 1 - 2 - k**c - k**2 - 5*k. Calculate x(-3).
-6
Let s(w) = -w**2 - 6*w - 1. Suppose 5 = -z + 5*x, -4*x + 7*x = -3*z - 51. Let p = -19 - z. Calculate s(p).
7
Let b(i) = -i**3 - 3*i**2 - 2*i - 1. Suppose -5*l + 9*l + 4*n - 4 = 0, -24 = 4*l - 3*n. Determine b(l).
5
Let y(t) = -5*t - 1. Let b be -3 + 18/(-12)*54. Let j = b + 80. What is y(j)?
19
Let i = 320 + -316. Let s(a) be the third derivative of 7/12*a**i - 6*a**2 + 0*a**3 + 0*a + 0. Determine s(-1).
-14
Let g = 3 + 3. Let r(v) = g + 8*v**2 + v**3 - 2*v - 13 - 4*v - 4*v. What is r(-9)?
2
Let m(w) = -3*w**2 - 6*w + 2. Suppose 7*r = 13*r - 12. Let s(h) = h**2 + 2*h - 1. Let x(i) = r*m(i) + 7*s(i). Calculate x(4).
21
Suppose 28 = -3*p - p. Let r = 9 + p. Let z(i) be the second derivative of -i**3/6 + 2*i**2 - 5*i. Give z(r).
2
Let a(k) be the second derivative of -k**3/3 + 3*k**2/2 + 29*k - 1. Give a(7).
-11
Let n(t) be the second derivative of 1/3*t**4 - 1/2*t**3 - 1/20*t**5 + 5/2*t**2 - 2*t + 0. Give n(4).
-7
Let s be -10 - (-12)/((-36)/(-31)). Let i(f) be the first derivative of s*f**3 - f - f**2 - 10. Calculate i(4).
7
Let u(o) = -o**3 + 19*o**2 + 22*o - 45. Let i be u(20). Let m(z) = z - 5. Give m(i).
-10
Let n(x) = -x - 1. Let t(c) = 4*c + 7. Let v = -44 + 46. Let h(l) = v*t(l) + 10*n(l). Calculate h(-3).
10
Let i(g) = 2*g + 7. Suppose 1 = -d + 2. Let w be d + 3 + -1 + -12. Let r(l) = -l - 3. Let u(n) = w*r(n) - 4*i(n). What is u(-1)?
-2
Let x(z) = z**2 - z + 6. Let c(d) = 7*d**2 - 3*d + 32. Let i(g) = c(g) - 6*x(g). Let n(h) = -h**3 + h**2 - 4. Let j be n(0). Determine i(j).
0
Suppose -159*d = -169*d + 50. Let g(r) = -r**3 + 6*r**2 - 3*r - 17. What is g(d)?
-7
Let c(p) = -p**2 - 10*p + 6. Let b = -13 - -17. Suppose -b*q + 1 - 41 = 0. Let x be c(q). Let n(y) = y**3 - 5*y**2 - 6*y - 6. Determine n(x).
-6
Let b be 0/2*(-2 - -1). Let r(l) = -4*l**2 - 11 + 29 - 27 + 3*l**2 - l**3. Give r(b).
-9
Let g(w) = -w**2 - w + 5. Let j(i) = -i**3 - 10*i**2 + 12*i + 15. Let v be j(-11). Suppose v*l = 5*l + 4. Calculate g(l).
-7
Suppose 10*c - 9*c = 12. Let l(p) = -5*p + 56. Let z be l(c). Let a(d) = -d**3 - 4*d**2 - 4*d - 1. Give a(z).
15
Let s(t) be the second derivative of t**6/720 + t**5/12 + t**4/6 - t. Let j(d) be the third derivative of s(d). What is j(-5)?
5
Let g(x) = -x**2 + 9*x - 11. Let m(b) = b**2 - 9*b + 11. Let i(d) = -2*g(d) - 3*m(d). Determine i(8).
-3
Let x(b) = -30*b**2 - 4*b + 17. Let i(j) = 14*j**2 + 2*j - 8. Let o(n) = -13*i(n) - 6*x(n). What is o(1)?
-2
Let x(l) be the first derivative of l**4/8 + l**3/3 - 15*l**2/2 - 19. Let r(j) be the second derivative of x(j). Calculate r(-3).
-7
Suppose -10 = 8*m - 26. Let n(d) = -3*d**2 - 46*d - 9*d**3 - 2*d**m + 3*d**2 + 45*d. What is n(-1)?
8
Let d(y) = y**2 + 14*y + 8. Suppose 44 = -2*n + 4*q, 7*n - 2*n + 2*q + 50 = 0. Determine d(n).
-16
Let b(n) = -2*n - 7 + 0 + 3. Let f(s) = -s**2 + 3*s + 65. Let l be f(-7). Give b(l).
6
Let u = -1232 + 1232. Let g(q) be the first derivative of -1/2*q**2 + 1 + 3*q. Determine g(u).
3
Let l(j) = -j**2 - 6*j + 10. Let q be l(-7). Let t(b) = 17*b - 3*b**2 - b**q - 11*b - b**2. Let u